{"id":836,"date":"2022-03-21T11:25:16","date_gmt":"2022-03-21T10:25:16","guid":{"rendered":"https:\/\/192.168.1.2\/wordpress\/?page_id=836"},"modified":"2024-12-11T16:51:00","modified_gmt":"2024-12-11T15:51:00","slug":"reservation-par-telephone","status":"publish","type":"page","link":"https:\/\/mediterranee-air-training.fr\/?page_id=836","title":{"rendered":"R\u00e9servation par t\u00e9l\u00e9phone"},"content":{"rendered":"\n<p><strong>Pour tout type de prorogation merci de bien vouloir nous contacter par t\u00e9l\u00e9phone :<\/strong><\/p>\n\n\n\n<h3 class=\"wp-block-heading\">Jean-No\u00ebl Boyer<\/h3>\n\n\n\n<p><strong>T\u00e9l\u00e9phone Mobile<\/strong> : <strong>06 12 78 40 20<\/strong><\/p>\n\n\n\n<p><strong>Email: <a href=\"mailto:mediterranee.air.training@gmail.com\">mediterranee.air.training@gmail.com<\/a><\/strong><\/p>\n\n\n\n<figure class=\"wp-block-image size-large\"><img loading=\"lazy\" decoding=\"async\" width=\"1024\" height=\"683\" src=\"http:\/\/192.168.1.2\/wordpress\/wp-content\/uploads\/2019\/01\/Bureau-de-la-direction-1024x683.jpg\" alt=\"\" class=\"wp-image-144\" srcset=\"https:\/\/mediterranee-air-training.fr\/wp-content\/uploads\/2019\/01\/Bureau-de-la-direction-1024x683.jpg 1024w, https:\/\/mediterranee-air-training.fr\/wp-content\/uploads\/2019\/01\/Bureau-de-la-direction-300x200.jpg 300w, https:\/\/mediterranee-air-training.fr\/wp-content\/uploads\/2019\/01\/Bureau-de-la-direction-768x512.jpg 768w, https:\/\/mediterranee-air-training.fr\/wp-content\/uploads\/2019\/01\/Bureau-de-la-direction-1232x821.jpg 1232w, https:\/\/mediterranee-air-training.fr\/wp-content\/uploads\/2019\/01\/Bureau-de-la-direction.jpg 1500w\" sizes=\"auto, (max-width: 1024px) 100vw, 1024px\" \/><\/figure>\n","protected":false},"excerpt":{"rendered":"<p>Pour tout type de prorogation merci de bien vouloir nous contacter par t\u00e9l\u00e9phone : Jean-No\u00ebl Boyer T\u00e9l\u00e9phone Mobile : 06 12 78 40 20 Email: mediterranee.air.training@gmail.com<\/p>\n","protected":false},"author":1,"featured_media":118,"parent":0,"menu_order":0,"comment_status":"closed","ping_status":"closed","template":"","meta":{"footnotes":""},"class_list":["post-836","page","type-page","status-publish","has-post-thumbnail","hentry"],"yoast_head":"<!-- This site is optimized with the Yoast SEO plugin v27.5 - https:\/\/yoast.com\/product\/yoast-seo-wordpress\/ -->\n<title>R\u00e9servation par t\u00e9l\u00e9phone - M\u00e9diterran\u00e9e Air Training<\/title>\n<meta name=\"robots\" content=\"index, follow, max-snippet:-1, max-image-preview:large, max-video-preview:-1\" \/>\n<link rel=\"canonical\" href=\"https:\/\/mediterranee-air-training.fr\/?page_id=836\" \/>\n<meta property=\"og:locale\" content=\"fr_FR\" \/>\n<meta property=\"og:type\" content=\"article\" \/>\n<meta property=\"og:title\" content=\"R\u00e9servation par t\u00e9l\u00e9phone - M\u00e9diterran\u00e9e Air Training\" \/>\n<meta property=\"og:description\" content=\"Pour tout type de prorogation merci de bien vouloir nous contacter par t\u00e9l\u00e9phone : Jean-No\u00ebl Boyer T\u00e9l\u00e9phone Mobile : 06 12 78 40 20 Email: mediterranee.air.training@gmail.com\" \/>\n<meta property=\"og:url\" content=\"https:\/\/mediterranee-air-training.fr\/?page_id=836\" \/>\n<meta property=\"og:site_name\" content=\"M\u00e9diterran\u00e9e Air Training\" \/>\n<meta property=\"article:publisher\" content=\"https:\/\/www.facebook.com\/M%c3%a9diterran%c3%a9e-Air-Training-295994423862644?ref=ts\" \/>\n<meta property=\"article:modified_time\" content=\"2024-12-11T15:51:00+00:00\" \/>\n<meta property=\"og:image\" content=\"https:\/\/mediterranee-air-training.fr\/wp-content\/uploads\/2019\/01\/Aile-davion.jpg\" \/>\n\t<meta property=\"og:image:width\" content=\"2560\" \/>\n\t<meta property=\"og:image:height\" content=\"1440\" \/>\n\t<meta property=\"og:image:type\" content=\"image\/jpeg\" \/>\n<meta name=\"twitter:card\" content=\"summary_large_image\" \/>\n<meta name=\"twitter:site\" content=\"@MediterraneeAir\" \/>\n<meta name=\"twitter:label1\" content=\"Dur\u00e9e de lecture estim\u00e9e\" \/>\n\t<meta name=\"twitter:data1\" content=\"1 minute\" \/>\n<script type=\"application\/ld+json\" class=\"yoast-schema-graph\">{\"@context\":\"https:\\\/\\\/schema.org\",\"@graph\":[{\"@type\":\"WebPage\",\"@id\":\"https:\\\/\\\/mediterranee-air-training.fr\\\/?page_id=836\",\"url\":\"https:\\\/\\\/mediterranee-air-training.fr\\\/?page_id=836\",\"name\":\"R\u00e9servation par t\u00e9l\u00e9phone - M\u00e9diterran\u00e9e Air Training\",\"isPartOf\":{\"@id\":\"https:\\\/\\\/mediterranee-air-training.fr\\\/#website\"},\"primaryImageOfPage\":{\"@id\":\"https:\\\/\\\/mediterranee-air-training.fr\\\/?page_id=836#primaryimage\"},\"image\":{\"@id\":\"https:\\\/\\\/mediterranee-air-training.fr\\\/?page_id=836#primaryimage\"},\"thumbnailUrl\":\"https:\\\/\\\/mediterranee-air-training.fr\\\/wp-content\\\/uploads\\\/2019\\\/01\\\/Aile-davion.jpg\",\"datePublished\":\"2022-03-21T10:25:16+00:00\",\"dateModified\":\"2024-12-11T15:51:00+00:00\",\"breadcrumb\":{\"@id\":\"https:\\\/\\\/mediterranee-air-training.fr\\\/?page_id=836#breadcrumb\"},\"inLanguage\":\"fr-FR\",\"potentialAction\":[{\"@type\":\"ReadAction\",\"target\":[\"https:\\\/\\\/mediterranee-air-training.fr\\\/?page_id=836\"]}]},{\"@type\":\"ImageObject\",\"inLanguage\":\"fr-FR\",\"@id\":\"https:\\\/\\\/mediterranee-air-training.fr\\\/?page_id=836#primaryimage\",\"url\":\"https:\\\/\\\/mediterranee-air-training.fr\\\/wp-content\\\/uploads\\\/2019\\\/01\\\/Aile-davion.jpg\",\"contentUrl\":\"https:\\\/\\\/mediterranee-air-training.fr\\\/wp-content\\\/uploads\\\/2019\\\/01\\\/Aile-davion.jpg\",\"width\":2560,\"height\":1440},{\"@type\":\"BreadcrumbList\",\"@id\":\"https:\\\/\\\/mediterranee-air-training.fr\\\/?page_id=836#breadcrumb\",\"itemListElement\":[{\"@type\":\"ListItem\",\"position\":1,\"name\":\"Accueil\",\"item\":\"https:\\\/\\\/mediterranee-air-training.fr\\\/\"},{\"@type\":\"ListItem\",\"position\":2,\"name\":\"R\u00e9servation par t\u00e9l\u00e9phone\"}]},{\"@type\":\"WebSite\",\"@id\":\"https:\\\/\\\/mediterranee-air-training.fr\\\/#website\",\"url\":\"https:\\\/\\\/mediterranee-air-training.fr\\\/\",\"name\":\"M\u00e9diterran\u00e9e Air Training\",\"description\":\"Prorogations SEP \\\/ MEP \\\/ IR-SE \\\/ IR-ME\",\"publisher\":{\"@id\":\"https:\\\/\\\/mediterranee-air-training.fr\\\/#organization\"},\"potentialAction\":[{\"@type\":\"SearchAction\",\"target\":{\"@type\":\"EntryPoint\",\"urlTemplate\":\"https:\\\/\\\/mediterranee-air-training.fr\\\/?s={search_term_string}\"},\"query-input\":{\"@type\":\"PropertyValueSpecification\",\"valueRequired\":true,\"valueName\":\"search_term_string\"}}],\"inLanguage\":\"fr-FR\"},{\"@type\":\"Organization\",\"@id\":\"https:\\\/\\\/mediterranee-air-training.fr\\\/#organization\",\"name\":\"M\u00e8diterran\u00e9e Air Training\",\"url\":\"https:\\\/\\\/mediterranee-air-training.fr\\\/\",\"logo\":{\"@type\":\"ImageObject\",\"inLanguage\":\"fr-FR\",\"@id\":\"https:\\\/\\\/mediterranee-air-training.fr\\\/#\\\/schema\\\/logo\\\/image\\\/\",\"url\":\"http:\\\/\\\/192.168.1.2\\\/wordpress\\\/wp-content\\\/uploads\\\/2019\\\/01\\\/sigle_mat_200x300.jpg\",\"contentUrl\":\"http:\\\/\\\/192.168.1.2\\\/wordpress\\\/wp-content\\\/uploads\\\/2019\\\/01\\\/sigle_mat_200x300.jpg\",\"width\":300,\"height\":208,\"caption\":\"M\u00e8diterran\u00e9e Air Training\"},\"image\":{\"@id\":\"https:\\\/\\\/mediterranee-air-training.fr\\\/#\\\/schema\\\/logo\\\/image\\\/\"},\"sameAs\":[\"https:\\\/\\\/www.facebook.com\\\/M\u00e9diterran\u00e9e-Air-Training-295994423862644?ref=ts\",\"https:\\\/\\\/x.com\\\/MediterraneeAir\",\"https:\\\/\\\/youtu.be\\\/dIytyrfWfZE\"]}]}<\/script>\n<!-- \/ Yoast SEO plugin. -->","yoast_head_json":{"title":"R\u00e9servation par t\u00e9l\u00e9phone - M\u00e9diterran\u00e9e Air Training","robots":{"index":"index","follow":"follow","max-snippet":"max-snippet:-1","max-image-preview":"max-image-preview:large","max-video-preview":"max-video-preview:-1"},"canonical":"https:\/\/mediterranee-air-training.fr\/?page_id=836","og_locale":"fr_FR","og_type":"article","og_title":"R\u00e9servation par t\u00e9l\u00e9phone - M\u00e9diterran\u00e9e Air Training","og_description":"Pour tout type de prorogation merci de bien vouloir nous contacter par t\u00e9l\u00e9phone : Jean-No\u00ebl Boyer T\u00e9l\u00e9phone Mobile : 06 12 78 40 20 Email: mediterranee.air.training@gmail.com","og_url":"https:\/\/mediterranee-air-training.fr\/?page_id=836","og_site_name":"M\u00e9diterran\u00e9e Air Training","article_publisher":"https:\/\/www.facebook.com\/M%c3%a9diterran%c3%a9e-Air-Training-295994423862644?ref=ts","article_modified_time":"2024-12-11T15:51:00+00:00","og_image":[{"width":2560,"height":1440,"url":"https:\/\/mediterranee-air-training.fr\/wp-content\/uploads\/2019\/01\/Aile-davion.jpg","type":"image\/jpeg"}],"twitter_card":"summary_large_image","twitter_site":"@MediterraneeAir","twitter_misc":{"Dur\u00e9e de lecture estim\u00e9e":"1 minute"},"schema":{"@context":"https:\/\/schema.org","@graph":[{"@type":"WebPage","@id":"https:\/\/mediterranee-air-training.fr\/?page_id=836","url":"https:\/\/mediterranee-air-training.fr\/?page_id=836","name":"R\u00e9servation par t\u00e9l\u00e9phone - M\u00e9diterran\u00e9e Air Training","isPartOf":{"@id":"https:\/\/mediterranee-air-training.fr\/#website"},"primaryImageOfPage":{"@id":"https:\/\/mediterranee-air-training.fr\/?page_id=836#primaryimage"},"image":{"@id":"https:\/\/mediterranee-air-training.fr\/?page_id=836#primaryimage"},"thumbnailUrl":"https:\/\/mediterranee-air-training.fr\/wp-content\/uploads\/2019\/01\/Aile-davion.jpg","datePublished":"2022-03-21T10:25:16+00:00","dateModified":"2024-12-11T15:51:00+00:00","breadcrumb":{"@id":"https:\/\/mediterranee-air-training.fr\/?page_id=836#breadcrumb"},"inLanguage":"fr-FR","potentialAction":[{"@type":"ReadAction","target":["https:\/\/mediterranee-air-training.fr\/?page_id=836"]}]},{"@type":"ImageObject","inLanguage":"fr-FR","@id":"https:\/\/mediterranee-air-training.fr\/?page_id=836#primaryimage","url":"https:\/\/mediterranee-air-training.fr\/wp-content\/uploads\/2019\/01\/Aile-davion.jpg","contentUrl":"https:\/\/mediterranee-air-training.fr\/wp-content\/uploads\/2019\/01\/Aile-davion.jpg","width":2560,"height":1440},{"@type":"BreadcrumbList","@id":"https:\/\/mediterranee-air-training.fr\/?page_id=836#breadcrumb","itemListElement":[{"@type":"ListItem","position":1,"name":"Accueil","item":"https:\/\/mediterranee-air-training.fr\/"},{"@type":"ListItem","position":2,"name":"R\u00e9servation par t\u00e9l\u00e9phone"}]},{"@type":"WebSite","@id":"https:\/\/mediterranee-air-training.fr\/#website","url":"https:\/\/mediterranee-air-training.fr\/","name":"M\u00e9diterran\u00e9e Air Training","description":"Prorogations SEP \/ MEP \/ IR-SE \/ IR-ME","publisher":{"@id":"https:\/\/mediterranee-air-training.fr\/#organization"},"potentialAction":[{"@type":"SearchAction","target":{"@type":"EntryPoint","urlTemplate":"https:\/\/mediterranee-air-training.fr\/?s={search_term_string}"},"query-input":{"@type":"PropertyValueSpecification","valueRequired":true,"valueName":"search_term_string"}}],"inLanguage":"fr-FR"},{"@type":"Organization","@id":"https:\/\/mediterranee-air-training.fr\/#organization","name":"M\u00e8diterran\u00e9e Air Training","url":"https:\/\/mediterranee-air-training.fr\/","logo":{"@type":"ImageObject","inLanguage":"fr-FR","@id":"https:\/\/mediterranee-air-training.fr\/#\/schema\/logo\/image\/","url":"http:\/\/192.168.1.2\/wordpress\/wp-content\/uploads\/2019\/01\/sigle_mat_200x300.jpg","contentUrl":"http:\/\/192.168.1.2\/wordpress\/wp-content\/uploads\/2019\/01\/sigle_mat_200x300.jpg","width":300,"height":208,"caption":"M\u00e8diterran\u00e9e Air Training"},"image":{"@id":"https:\/\/mediterranee-air-training.fr\/#\/schema\/logo\/image\/"},"sameAs":["https:\/\/www.facebook.com\/M\u00e9diterran\u00e9e-Air-Training-295994423862644?ref=ts","https:\/\/x.com\/MediterraneeAir","https:\/\/youtu.be\/dIytyrfWfZE"]}]}},"_links":{"self":[{"href":"https:\/\/mediterranee-air-training.fr\/index.php?rest_route=\/wp\/v2\/pages\/836","targetHints":{"allow":["GET"]}}],"collection":[{"href":"https:\/\/mediterranee-air-training.fr\/index.php?rest_route=\/wp\/v2\/pages"}],"about":[{"href":"https:\/\/mediterranee-air-training.fr\/index.php?rest_route=\/wp\/v2\/types\/page"}],"author":[{"embeddable":true,"href":"https:\/\/mediterranee-air-training.fr\/index.php?rest_route=\/wp\/v2\/users\/1"}],"replies":[{"embeddable":true,"href":"https:\/\/mediterranee-air-training.fr\/index.php?rest_route=%2Fwp%2Fv2%2Fcomments&post=836"}],"version-history":[{"count":0,"href":"https:\/\/mediterranee-air-training.fr\/index.php?rest_route=\/wp\/v2\/pages\/836\/revisions"}],"wp:featuredmedia":[{"embeddable":true,"href":"https:\/\/mediterranee-air-training.fr\/index.php?rest_route=\/wp\/v2\/media\/118"}],"wp:attachment":[{"href":"https:\/\/mediterranee-air-training.fr\/index.php?rest_route=%2Fwp%2Fv2%2Fmedia&parent=836"}],"curies":[{"name":"wp","href":"https:\/\/api.w.org\/{rel}","templated":true}]}}